 d.
17
Let g(f) = 4*f**2 - 257*f + 68. Let w be g(64). Let i be 4/14 + (-222)/(-7). Let d be 12*w/(i/18). What is the highest common factor of d and 18?
9
Let g(a) = -26*a + 41. Let r be g(6). Let c be 46/r + (-926)/10. Let k = c + 96. Calculate the greatest common factor of k and 6.
3
Suppose -11*w = -2*w + 441. Let u be 12/21 - 3157/w. What is the greatest common divisor of 39 and u?
13
Let b(c) = c**2 - c + 165. Let d be b(0). Suppose -5*m - 120 = d. Let p = -27 - m. What is the highest common divisor of 10 and p?
10
Let l = 1608 - 733. Calculate the greatest common factor of l and 125.
125
Suppose 5*s = -4*b + 224, -b - 261 = -4*s - 65. What is the highest common divisor of s and 996?
12
Suppose 28928 = 3*f + 5*s, -786*f + 787*f + 2*s - 9644 = 0. Calculate the greatest common divisor of f and 22.
22
Suppose 0 = 5*a - u - 5 - 5, 4*u = 0. Suppose -4*q = a*q - 186. Let g(x) = 2*x**2 + 12. Let v be g(5). What is the highest common factor of v and q?
31
Suppose 4*t - 58816 = w, 52495 = 3*t + w + 8390. Calculate the greatest common divisor of t and 26.
13
Let k(o) = -o**2 + 53*o - 417. Let i be k(43). Suppose 0 = -7*x + 8*x - 143. Calculate the highest common divisor of x and i.
13
Let c = -295 + 295. Let p be (-5)/(15/(-39)) + c. What is the greatest common factor of 91 and p?
13
Let k = -13 + 7. Let i be (-118)/(-3) + 2/k. Let f = -29 - -55. Calculate the highest common factor of i and f.
13
Suppose -720 = 4*r - 7*r. Let b be r/(-210)*105/(-6). Calculate the greatest common divisor of b and 320.
20
Let r = 15896 - 15836. Calculate the greatest common factor of r and 210.
30
Let h(r) = -113*r - 4008. Let v be h(-36). Suppose 3*u = -4*o - 43 + 169, 0 = 3*o + 4*u - 98. What is the highest common factor of o and v?
30
Let k(d) = 10255*d - 1394. Let l be k(3). What is the highest common divisor of 23 and l?
23
Suppose 18008 = 4*u - 2*j, -734*u + j - 13496 = -737*u. Calculate the highest common factor of u and 108.
36
Let m(i) = 28*i**2 + 55*i + 387. Let d be m(-5). What is the highest common factor of 84 and d?
28
Let c = -85 - -87. Let j(t) = 7*t - 1. Let z(v) = 16*v - 3. Let w(q) = -5*j(q) + 2*z(q). Let a be w(-3). Calculate the greatest common factor of a and c.
2
Let q be 34/16 + 5/(-40). Suppose -4*f + l - 68 = 0, 0 = q*f + l - 2*l + 32. Let x be 3*-6*4/f. What is the highest common factor of 44 and x?
4
Let a = -83 - -129. Suppose 8*x - 230 = -a. Let j be 92/(-2)*2/(-4). Calculate the greatest common factor of j and x.
23
Let l = -9 - -14. Suppose -l*v = -v - 48. Let a = 1556 + -1520. Calculate the highest common divisor of v and a.
12
Let p(m) = 47*m - 1. Let y be p(1). Let l = 100792 + -100723. What is the greatest common divisor of y and l?
23
Suppose 0 = -3*g - 6, c - 7*g = -3*g - 257. Let t = 380 + c. Suppose -4*b + 5 = 3*w - 66, -5*w = 5*b - t. Calculate the greatest common divisor of 3 and w.
3
Suppose -115*l + 64*l + 76587 - 18651 = 0. What is the greatest common divisor of 32 and l?
16
Suppose 0 = -4*g + 2 - 2. Let w(b) = b**2 + 9*b + 14. Let o be w(g). Calculate the highest common factor of o and 602.
14
Let n = -15 - -73. Let t = 147 - 143. Calculate the highest common factor of n and t.
2
Suppose 0 = 2*i + 5*u - 16115 - 5870, -32985 = -3*i - 5*u. Calculate the highest common divisor of 40 and i.
40
Let a = -694 + 839. Let w = a + 9. What is the greatest common divisor of 28 and w?
14
Let v(s) = -49*s - 3. Let k be v(-1). Let j = k + -42. Suppose -j*q + z - 12 = -89, 3*z = -4*q + 89. What is the greatest common divisor of 5 and q?
5
Let g(u) = 2*u**2 + 15*u - 62. Let c be g(14). Let v = 582 - c. What is the greatest common factor of v and 84?
42
Suppose 0 = 2*n - 2*k - 3 - 5, 0 = 3*n + 3*k - 18. Suppose 0 = -2*f - 2*d, -5*f = -n*d - 2 - 8. Calculate the greatest common divisor of f and 2.
1
Let w(d) = 8*d - 4. Let j be w(5). Let b(f) = -f**3 + 4*f**2 + 23*f - 3. Let k be b(7). Let a = j - k. Calculate the greatest common divisor of a and 100.
25
Let z be 1/6*(-876822)/(-317). Calculate the greatest common divisor of z and 4.
1
Let w = -29 - 31. Let r be 2/2*w*1. Let b = 69 + r. Calculate the highest common divisor of 72 and b.
9
Let w(h) = 2*h**2 + 28*h + 114. Let j be w(-11). Suppose 11 + 117 = b. Calculate the highest common divisor of b and j.
16
Let s(l) = -2*l**3 + 23*l**2 - 3*l - 82. Suppose -17*i - 107 = -294. Let j be s(i). What is the greatest common factor of j and 54?
6
Suppose -4*q = r - 2722 - 1303, 2*q = 3*r + 1995. Suppose 72*f = 77*f - q. What is the highest common factor of f and 3?
3
Let b = -24854 + 24953. What is the greatest common divisor of 8019 and b?
99
Suppose 0 = -17*c - 5*c + 129360. What is the greatest common divisor of 15 and c?
15
Let k(n) = -n**3 + 4*n**2 + 7*n - 10. Let b be k(2). Suppose -20 = -r + b. Calculate the highest common divisor of r and 80.
16
Suppose 16*s - 13568 = -37*s. Let n(b) = 2*b**2 - b + 1. Let q be n(3). What is the greatest common divisor of s and q?
16
Suppose 3*n - 5*z = 20 - 6, z = 5. Let j(g) = 4*g**2 + 5*g + 5. Let y = -405 + 410. Let p be j(y). What is the greatest common factor of n and p?
13
Let o = 6691 + -2716. What is the greatest common divisor of 477 and o?
159
Let h be 108/(-24)*260/6*2/(-5). What is the highest common factor of h and 1066?
26
Let d = -17428 - -18207. What is the highest common factor of d and 152?
19
Let s be (5 - (1 + -6))/(2/4). Suppose -k - 4*j + s = 0, -5*j = 5 - 15. What is the greatest common factor of k and 186?
6
Suppose 7*p + 11*x + 705 = 12*p, -3*p - 3*x = -471. What is the highest common factor of 32 and p?
8
Suppose 0 = -b - 8 + 3, b + 338 = -3*g. Let o = g + 118. Calculate the highest common divisor of 7 and o.
7
Let h(m) = 3*m**2 + 9*m + 7. Let w be h(-6). Suppose 76*a - 30870 = 10854. Calculate the greatest common factor of a and w.
61
Let h(o) = 2*o**3 + 65*o**2 - 114*o - 282. Let j be h(-34). Calculate the greatest common factor of 546 and j.
42
Let r be (-1)/(-2)*(11 - 16)*-10. Let a = 25 - 15. Let j = r - a. Calculate the highest common divisor of j and 90.
15
Let r = 31 - -117. Let p(j) = j + 39. Let u be p(-23). Calculate the highest common factor of u and r.
4
Let z(w) = w**3 + 30*w**2 + 27*w - 69. Let j be z(-29). Let k be 34*(495/(-10))/j. What is the greatest common divisor of 17 and k?
17
Let o = 0 + -13. Let a be 6/(-15)*-5 - o. Let x be a - (5 + (-5 - 5)). What is the greatest common divisor of x and 50?
10
Let u(l) = -l**2 + 16*l - 86. Let t be u(0). Let q = 137 + t. What is the greatest common divisor of q and 15?
3
Let u = 3339 + -3311. Let f be ((-700)/6)/(2/(-6)). What is the highest common divisor of u and f?
14
Let s be (6 + -6 - -2)*(-12)/(-8). Suppose 5 = s*d - 1. Calculate the greatest common divisor of d and 22.
2
Let x(k) = k**2 + k - 1. Let i(s) = -10*s - 3*s + 12*s. Let c(f) = -2*i(f) + x(f). Let w be c(-4). Calculate the highest common factor of 12 and w.
3
Let r = 5132 - 4644. What is the greatest common divisor of 288 and r?
8
Suppose 13*h - 33 = 32. Let p be 16 + h/(20/(-16)) - 0. What is the highest common divisor of 4 and p?
4
Suppose -10*j - 5*m - 107 = -12*j, 0 = 2*j + 2*m - 58. Suppose 5*z = 23 + 67. What is the highest common divisor of j and z?
18
Let u(w) = 116*w**2 + 3*w - 3. Let r be u(1). Let j be 6/45 - r/(-30). Suppose 0 = -j*g - 16 + 180. What is the highest common divisor of 205 and g?
41
Let v(z) = -z + 7*z - 1 + 19. Suppose 14*q - 7*q - 39 + 4 = 0. Let m be v(q). What is the highest common divisor of 12 and m?
12
Let d(x) = x**2 + 8*x + 2. Let m be d(-5). Let r = 21 + m. Suppose 586 = r*j - 86. What is the highest common factor of j and 24?
12
Let j = 3462 + -2766. Calculate the greatest common divisor of j and 1450.
58
Let m = 95 - 59. Let p be (-56)/m*-6 - 2/6. Let f be 6/33 + ((-1281)/(-33) - 3). Calculate the highest common factor of p and f.
9
Let s = -38 + 55. Let t be s/102 - 178/(-12). Let i = 30 - 15. Calculate the highest common factor of i and t.
15
Suppose -4 + 199 = 15*f. Let y = f - 18. Let a be -1*85/y - 1. Calculate the highest common factor of 2 and a.
2
Suppose -2*k = -4*z + 6 - 56, -k - 2*z + 17 = 0. Suppose 4*y + 5*p = 81, 4*p - 6 = -2. Suppose -10 + y = 3*t. Calculate the highest common divisor of t and k.
3
Suppose k = 3*d - 889, -5*k = -3*d - 8*k + 885. Le